 2*y + 16 = -4*d + n, 5*y - d = 13. Suppose 3*w - 1030 = -w + y*b, 5*w - 3*b - 1287 = 0. What is the units digit of w?
8
Suppose -9*l = 196 - 25. Let c be (2 + (-34)/14)/(l/133). Suppose -8*h + 275 = -c*h. What is the units digit of h?
5
Let m = 95 + -107. Let c be 503 + 0 + m/16*4. Suppose -h - 4*t + 182 = 48, -4*h = 4*t - c. What is the hundreds digit of h?
1
Let k be -73 - (45/(-63) + (-4)/14). Let y = 164 + k. Let z = 232 - y. What is the units digit of z?
0
Let n(h) = -h**3 - 2*h**2 + 2*h + 4. Let f be n(-2). Suppose f = 13*z - 8*z + 2095. What is the units digit of (-9)/(-36) - z/4?
5
Let w = 37949 - 30122. What is the units digit of w?
7
What is the thousands digit of ((-200)/2)/(2/(-5) + 23424/61610)?
5
Suppose -s + 15 = -487. Suppose 0 = -23*g + 21*g + s. Let w = g + -178. What is the units digit of w?
3
Suppose 10*v = 8886 + 554. Suppose -2*t = 0, 8*t = -4*l + 6*t + v. What is the units digit of l?
6
What is the ten thousands digit of (690/4)/5*(-634508)/(-651)?
3
Let g be -744 - ((1 + -3)/2 + -1). Let y = -453 - g. What is the hundreds digit of y?
2
Let z = 59 + 2. Let f = -5 + z. What is the units digit of (f/8)/((-1)/(-7))?
9
Let y = -11670 - -21202. What is the units digit of y?
2
Suppose -5*w + 11375 = -9*c + 7*c, 4*w - 9088 = 4*c. What is the hundreds digit of w?
2
Let m = 11 - -3. Suppose 11 - m = -3*r. What is the tens digit of (((-44)/3)/r)/((-2)/9)?
6
Let j = 65 + -65. Let w(q) = -4 + 10 - 8*q + j*q**2 - q**2. What is the tens digit of w(-5)?
2
Suppose -5*m - 15 = -2*v, 2*v - 5 = -m + 40. Let n(g) = -204*g + 827. Let t be n(4). Suppose v*w = t*w + 2070. What is the tens digit of w?
3
Let o(x) = 36*x + 12. Let t be o(-13). Let f = 33 - t. What is the tens digit of f?
8
Let d = -140 + 68. What is the tens digit of (1 + 2)*(-8)/(d/141)?
4
What is the ten thousands digit of ((-787220)/(-28))/(1/((-6)/(-15)))?
1
Suppose 5*w = -3*s + 46499, 22*s - 2*w + 62008 = 26*s. What is the ten thousands digit of s?
1
Let g(w) = -3*w**3 - 38*w**2 - 42*w + 23. What is the ten thousands digit of g(-32)?
6
Suppose -18*n = -24734 - 91168. What is the units digit of n?
9
Let h = 4 - -2. Suppose -h = x + 2*x. What is the tens digit of 1/((-2)/x) + -2 - -34?
3
Let h(d) = d - d + 49*d**2 + 0*d + d. Let q(g) = -2*g**2 - 52*g - 52. Let c be q(-25). What is the hundreds digit of h(c)?
1
What is the hundreds digit of -2 - (-295130)/26 - 32/(-4576)*-22?
3
Let h(y) = 179*y**2 - 120*y - 471. What is the tens digit of h(-4)?
7
Suppose 182*h = 89*h + 71*h + 389488. What is the thousands digit of h?
7
Suppose 36*v - 16*v - 229020 = 0. Suppose -40*r + 4709 = -v. What is the units digit of r?
4
What is the units digit of (-182)/(-39)*106*(-54)/(-24)?
3
Suppose -3*s - 2*p + 65 = -104, 45 = s - 5*p. What is the tens digit of ((-1122)/s)/((-4)/90)?
5
Suppose 9489631 = 397*i - 5488216 - 1490110. What is the ten thousands digit of i?
4
Let a be ((-1644)/(-2) - 4)/((-2)/3). What is the units digit of (-140)/(-105)*a/(-2)?
8
Suppose 0 = -0*c + 9*c - 45. Suppose -3*g + 3*p = 1107, c*g - 4*g - 4*p = -384. What is the tens digit of g/(-35) + (-4)/10?
1
Let r = -11960 - -37567. What is the units digit of r?
7
Suppose -q - 999898 = -84*q - 388686. What is the units digit of q?
4
Let i be (-8 - -1)*6*2/12. Let u(r) = -r**3 - 8*r**2 - 4*r + 17. Let m be u(i). What is the tens digit of -2 + m + 3 + 104?
0
Let p(j) = -32*j**2 - 2765*j - 14. What is the thousands digit of p(-25)?
9
Let r = 105 - 405. Let c = r + 458. What is the hundreds digit of c?
1
Let k be 1/(-3)*-7 + 10/(-30). Suppose -4*p + 2*x + 938 = -0*p, -k*p + 454 = -4*x. What is the units digit of p?
7
What is the tens digit of 6542 - 1 - (-913)/83?
5
Let z be -4 - (7 - 4)/3. Let y(h) = 77*h**2 + 13*h + 63. What is the hundreds digit of y(z)?
9
Suppose 0*f = 2*l + 4*f, 3*l = 5*f. Suppose 3*j + 39 - 222 = l. What is the tens digit of j?
6
Let j = -1151 + 1136. Let d(x) = -2 - 6*x - 10 + 0*x. What is the tens digit of d(j)?
7
Suppose -2*c + 5*m + 5420 = 3*c, 20 = -5*m. Suppose 3*p - q - 794 = 0, -7*p - 4*q + c = -3*p. What is the units digit of p + -2 + 2/1?
6
Let q = -14 - -14. Let o be (-43)/(q - (-1)/(-4)). Suppose 5*v = -4*m + 726 - o, 335 = 3*v + 5*m. What is the tens digit of v?
1
Let w = -578 - -2441. What is the units digit of w?
3
Suppose 5*x - 2*x = 2*i + 24, 2*x - 5*i = 16. Suppose -19 - 5 = -x*n. Suppose 2 - 1 = -2*b + n*r, -r = 2*b - 3. What is the units digit of b?
1
Let v(q) = -217*q - 105. Let h be v(4). Let x = -376 - h. What is the units digit of x?
7
Let s = -873 - -877. Suppose 2*i = -s*d + 1870, -13*i = -5*d - 14*i + 2339. What is the hundreds digit of d?
4
Let y(q) be the first derivative of -5*q**2/2 + 5*q + 9. Let c be y(1). Suppose c = -4*i + 14*i - 700. What is the tens digit of i?
7
Suppose 22982 = 7*k - 18878. What is the hundreds digit of k?
9
Suppose 75127 + 135038 - 13026 = 3*m. What is the thousands digit of m?
5
Let v = -63 - -72. Let h(z) = -z**2 + 9*z + 9. Let l be h(v). Suppose -2*g + 6 = 4*k, -3*k = -3*g + 18 + l. What is the units digit of g?
7
What is the thousands digit of 244*(-4 + (-2320)/(-64))?
7
Suppose -420*l + 18632794 = 4561114. What is the tens digit of l?
0
Let a(l) = -2*l**2 - 101*l - 65. Let v(y) = -3*y**2 - 151*y - 97. Let c(r) = 8*a(r) - 5*v(r). What is the units digit of c(-30)?
5
Let m(p) = 54*p**2 + 245*p + 3. What is the thousands digit of m(7)?
4
Suppose 5*v - 69 = 2*m, -3*v + 3*m + 9 = -36. Suppose -24*h + 10571 = -v*h. What is the tens digit of h?
6
Suppose -i + 5*i = 6*i. Suppose i = -5*z - 0*z + 25, 3*z - 110 = -5*g. Suppose 0 = 12*u - g*u + 434. What is the tens digit of u?
6
Let z(p) = 10*p - 18. Let d be 176/14 - (-4 - 32/(-7)). Let b be 57/d*(0 + 4). What is the units digit of z(b)?
2
Suppose 0 = -2*y + 2*a - 708, -2*a + 1590 = -4*y + 168. Let t = y + 745. Suppose -2*o + t - 86 = 0. What is the tens digit of o?
5
Suppose -5*c = -5*v + 20870, 0 = v - 100*c + 102*c - 4192. What is the units digit of v?
0
Let i = -3439 + 35316. What is the units digit of i?
7
Let t(a) = 251*a - 531. What is the units digit of t(27)?
6
Suppose 66996 + 194664 = -80*i + 95*i. What is the thousands digit of i?
7
Let a = 25179 - -7412. What is the ten thousands digit of a?
3
Let p(n) = -14*n + 73. Let z be p(5). What is the hundreds digit of z + (-42)/12*-124?
4
Let r(n) = 45*n**2 + 15*n - 15. Let p be r(-5). Let t = p - 668. What is the units digit of t?
7
Let l = -54 - -90. Let w = l + -51. What is the units digit of (-1090)/15*(1 + w/6)?
9
What is the tens digit of (-3 + 1)*9/(198/(-266761))?
5
Suppose t - 2*z - 5640 = 0, 9302 = 3*t - z - 7628. What is the units digit of t?
4
Let b(k) = -91*k + 25. Let o(w) = 478*w - 126. Let u(s) = 21*b(s) + 4*o(s). Suppose -2*t = -5*j + 42 + 9, 4*t - 5*j = -77. What is the units digit of u(t)?
8
Let o(h) = 14*h**2 + 52*h - 13. What is the tens digit of o(37)?
7
Let p(n) = -9*n**3 - 14*n**2 - 100*n - 12. Let y be p(-9). Suppose 76*l - y = 71*l. What is the tens digit of l?
6
Suppose -u = k - 12469, 0 = -35*u + 31*u + 3*k + 49890. What is the thousands digit of u?
2
Let k = 1326 + 415. What is the hundreds digit of k?
7
Suppose 3*n + 120463 = 5*k, -n = -20*k + 21*k - 24091. What is the units digit of k?
2
Suppose 3*h + 8 = 6*y - 2*y, -3*y + 6 = 2*h. Let f(z) = -2*z**2 + 3*z + 8. Let l be f(h). What is the tens digit of l/(-2*(-5)/70)?
5
Let w = -65 - -65. Let j be (w/14)/((-2)/1). What is the tens digit of -36*(j + 3/(-9))?
1
Suppose 0 = -230*w + 344*w - 1186398. What is the thousands digit of w?
0
What is the tens digit of 10 + -7 + 20/(-8)*-9064?
6
Let r be 0 - 3/((-6)/356). Suppose -50*t - 113*t = 15322. Let n = r + t. What is the tens digit of n?
8
Let v(k) = 4*k + 3 - 5*k - 3. Let j(q) = -q**3 + 9*q**2 + 6*q - 9. Let z(g) = j(g) + 6*v(g). What is the tens digit of z(7)?
8
Let p = -2337 - -13668. What is the ten thousands digit of p?
1
Let g(f) = 2*f**2 + 22*f + 24. Let t be g(-9). Let w(x) be the first derivative of -7*x**2 + 6*x + 3. What is the hundreds digit of w(t)?
1
Let c = -22 - -21. Let d = 4 - c. Suppose -d*h - 1210 = -16*h. What is the tens digit of h?
1
Let s be ((-32)/(-56))/(1/(-742)*-4). Let b = s - 27. What is the units digit of b?
9
Let t(y) = 72*y**2 + 105*y + 133. What is the thousands digit of t(9)?
6
Let u(d) =